common factor of 667 and 23.
23
What is the greatest common factor of 245 and 50?
5
Calculate the highest common divisor of 368 and 208.
16
What is the greatest common factor of 179 and 1?
1
Calculate the greatest common divisor of 115 and 115.
115
Calculate the highest common factor of 84 and 1092.
84
Calculate the highest common divisor of 2286 and 9.
9
What is the greatest common factor of 234 and 23049?
117
Calculate the highest common factor of 28 and 644.
28
What is the highest common divisor of 10 and 18430?
10
What is the greatest common divisor of 116 and 261?
29
What is the greatest common factor of 48 and 66?
6
What is the greatest common divisor of 5870 and 10?
10
What is the greatest common divisor of 14 and 1477?
7
What is the greatest common factor of 2226 and 18?
6
Calculate the greatest common divisor of 300 and 200.
100
Calculate the highest common factor of 225 and 45.
45
What is the highest common divisor of 200 and 840?
40
What is the greatest common factor of 355 and 923?
71
Calculate the highest common factor of 25777 and 149.
149
What is the highest common factor of 12 and 12?
12
What is the highest common factor of 9313 and 201?
67
What is the greatest common factor of 27 and 288?
9
What is the greatest common divisor of 30 and 2295?
15
Calculate the highest common divisor of 13 and 637.
13
What is the greatest common factor of 3848 and 111?
37
What is the greatest common divisor of 16 and 344?
8
Calculate the greatest common factor of 4698 and 58.
58
What is the greatest common divisor of 380 and 722?
38
What is the highest common factor of 27 and 5?
1
What is the greatest common factor of 72 and 56?
8
What is the highest common factor of 204 and 3162?
102
Calculate the greatest common factor of 36 and 564.
12
What is the highest common divisor of 504 and 63?
63
Calculate the highest common factor of 38 and 14.
2
What is the highest common factor of 21 and 7483?
7
Calculate the highest common factor of 1157 and 2047.
89
Calculate the greatest common factor of 3146 and 418.
22
What is the greatest common factor of 1016 and 8?
8
Calculate the greatest common divisor of 3690 and 50.
10
What is the greatest common divisor of 2522 and 39?
13
Calculate the highest common factor of 10 and 40.
10
Calculate the highest common divisor of 16 and 2548.
4
Calculate the highest common factor of 45 and 3888.
9
What is the highest common factor of 270 and 510?
30
Calculate the highest common factor of 6034 and 14.
14
Calculate the highest common factor of 465 and 2775.
15
Calculate the highest common factor of 736 and 23.
23
What is the greatest common divisor of 5302 and 22?
22
Calculate the highest common factor of 43 and 3397.
43
Calculate the greatest common divisor of 170 and 4505.
85
Calculate the greatest common factor of 25740 and 24.
12
What is the highest common factor of 152 and 3724?
76
What is the highest common factor of 1944 and 288?
72
Calculate the highest common divisor of 10 and 94.
2
What is the greatest common divisor of 72 and 44?
4
What is the highest common divisor of 31 and 62?
31
Calculate the highest common divisor of 183 and 8784.
183
What is the highest common divisor of 1716 and 5280?
132
What is the greatest common divisor of 16 and 670?
2
Calculate the greatest common divisor of 88 and 8492.
44
Calculate the highest common divisor of 16 and 2.
2
What is the highest common factor of 151 and 1?
1
What is the highest common factor of 2483 and 13?
13
Calculate the greatest common factor of 2504 and 8.
8
Calculate the greatest common divisor of 20 and 620.
20
Calculate the greatest common divisor of 374 and 22.
22
Calculate the highest common divisor of 4288 and 192.
64
What is the highest common divisor of 2159 and 17?
17
What is the greatest common factor of 4396 and 28?
28
Calculate the greatest common factor of 114 and 726.
6
Calculate the highest common divisor of 25 and 200.
25
Calculate the highest common divisor of 13875 and 111.
111
What is the greatest common factor of 1972 and 68?
68
Calculate the greatest common factor of 11172 and 1482.
114
What is the greatest common factor of 525 and 21?
21
Calculate the highest common factor of 196 and 35.
7
Calculate the highest common divisor of 74 and 25678.
74
Calculate the highest common factor of 12 and 184.
4
What is the greatest common divisor of 5670 and 140?
70
What is the highest common divisor of 20235 and 15?
15
Calculate the highest common divisor of 33 and 143.
11
Calculate the highest common divisor of 5490 and 630.
90
Calculate the greatest common factor of 43 and 2623.
43
What is the greatest common factor of 288 and 54?
18
What is the greatest common factor of 2 and 482?
2
Calculate the greatest common factor of 36 and 468.
36
What is the greatest common factor of 1100 and 264?
44
Calculate the greatest common divisor of 18 and 2502.
18
What is the greatest common factor of 109 and 1853?
109
Calculate the highest common factor of 5752 and 24.
8
Calculate the greatest common divisor of 174 and 609.
87
Calculate the greatest common divisor of 25 and 6025.
25
Calculate the greatest common divisor of 372 and 276.
12
Calculate the highest common divisor of 19 and 247.
19
What is the highest common factor of 169 and 949?
13
What is the greatest common factor of 1399 and 1?
1
What is the greatest common factor of 10770 and 30?
30
Calculate the highest common factor of 24 and 584.
8
What is the greatest common divisor of 45 and 255?
15
What is the highest common factor of 660 and 72?
12
What is the greatest common factor of 304 and 228?
76
What is the greatest common divisor of 192 and 2088?
24
What is the highest common factor of 3360 and 42?
42
Calculate the greatest common factor of 98 and 574.
14
What is the greatest common divisor of 61 and 4819?
61
What is the highest common divisor of 1969 and 358?
179
What is the highest common factor of 75 and 360?
15
Calculate the highest common factor of 1452 and 6.
6
Calculate the greatest common divisor of 341 and 93.
31
Calculate the highest common divisor of 3552 and 96.
96
Calculate the greatest common divisor of 80 and 640.
80
What is the highest common factor of 30 and 315?
15
What is the greatest common divisor of 1971 and 73?
73
What is the highest common factor of 17793 and 9?
9
What is the greatest common divisor of 804 and 108?
12
Calculate the greatest common factor of 3210 and 856.
214
Calculate the greatest common factor of 5682 and 6.
6
Calculate the greatest common factor of 3982 and 22.
22
Calculate the greatest common factor of 2337 and 1230.
123
What is the greatest common divisor of 43 and 731?
43
What is the greatest common divisor of 13 and 6?
1
Calculate the greatest common divisor of 4 and 904.
4
What is the highest common factor of 30 and 370?
10
Calculate the greatest common factor of 14 and 336.
14
What is the highest common factor of 25125 and 201?
201
Calculate the highest common divisor of 2416 and 48.
16
What is the highest common factor of 5496 and 72?
24
Calculate the greatest common divisor of 4944 and 64.
16
What is the greatest common factor of 100 and 575?
25
Calculate the greatest common factor of 3762 and 33.
33
What is the greatest common factor of 53 and 3392?
53
Calculate the highest common divisor of 74 and 185.
37
Calculate the greatest common divisor of 253 and 22.
11
What is the greatest common factor of 808 and 8?
8
Calculate the greatest common divisor of 24 and 1160.
8
Calculate the greatest common factor of 3432 and 1320.
264
What is the highest common factor of 27 and 999?
27
What is the highest common factor of 22272 and 192?
192
Calculate the highest common factor of 99 and 44.
11
Calculate the greatest common factor of 268 and 12.
4
What is the greatest common factor of 2119 and 652?
163
Calculate the highest common factor of 76 and 14991.
19
Calculate the greatest common factor of 2 and 586.
2
What is the highest common divisor of 20 and 390?
10
Calculate the greatest common factor of 1 and 43.
1
Calculate the greatest common factor of 70 and 14.
14
Calculate the greatest common divisor of 336 and 903.
21
Calculate the highest common divisor of 35 and 847.
7
What is the highest common divisor of 14 and 56?
14
Calculate the greatest common divi